me?
True
Is 1939434269 a composite number?
False
Is 1005326981 a prime number?
True
Is 65485890619 a composite number?
False
Is 52079791 prime?
False
Is 1256464367 a prime number?
True
Is 910903533 a composite number?
True
Is 2599159939 composite?
True
Is 17716470157 prime?
False
Is 286350551 a composite number?
False
Is 54621519031 a composite number?
False
Is 1592736479 a prime number?
True
Is 716046049 composite?
True
Is 5019779833 a prime number?
True
Is 143099950997 a composite number?
False
Is 540540031 a prime number?
True
Is 43569567421 prime?
True
Is 2351309267 a composite number?
True
Is 7703163627 a composite number?
True
Is 1196689003 composite?
True
Is 313998779 a prime number?
True
Is 13159478989 a composite number?
True
Is 5610049771 a composite number?
False
Is 15743145827 a composite number?
False
Is 196573141 a composite number?
False
Is 858987487 a composite number?
True
Is 3758436323 a composite number?
True
Is 1233288647 prime?
False
Is 27893758639 a prime number?
True
Is 336521923 prime?
False
Is 949911607 composite?
False
Is 106556080789 prime?
True
Is 3575674801 a composite number?
False
Is 75149175007 a prime number?
False
Is 619378453 a composite number?
True
Is 263583907 prime?
False
Is 10742456267 composite?
True
Is 10226989811 a prime number?
True
Is 32415210353 a composite number?
False
Is 3967911449 a composite number?
False
Is 42665280565 prime?
False
Is 1513515583 composite?
True
Is 115491359 prime?
True
Is 197993421845 a composite number?
True
Is 801277977 a prime number?
False
Is 422168477 a composite number?
False
Is 376567679 a prime number?
True
Is 4101136601 composite?
True
Is 926749157 a composite number?
True
Is 2469633703 prime?
False
Is 4125647881 composite?
True
Is 651379111 prime?
True
Is 2631818419 prime?
False
Is 1731450991 a composite number?
False
Is 8208115637 a prime number?
False
Is 11303854021 composite?
False
Is 646973297 a composite number?
True
Is 360659873 prime?
False
Is 15774641503 a prime number?
True
Is 1655336219 composite?
True
Is 2351497177 a prime number?
True
Is 121988692181 composite?
False
Is 807127973 a prime number?
False
Is 128098705043 composite?
True
Is 8302663835 a composite number?
True
Is 4250670583 prime?
True
Is 8802430321 a composite number?
True
Is 2270054903 a composite number?
True
Is 4511172197 a prime number?
False
Is 1676151721 a prime number?
True
Is 15412068427 composite?
True
Is 96041210249 prime?
True
Is 16040344403 prime?
True
Is 3963583747 a composite number?
True
Is 49204450811 composite?
False
Is 2599097573 a prime number?
False
Is 57366665 a composite number?
True
Is 18351444269 a composite number?
False
Is 718089751 composite?
False
Is 224870969 prime?
False
Is 8681704433 a composite number?
False
Is 60256071077 a prime number?
True
Is 626878711 prime?
False
Is 5785233211 prime?
False
Is 199450067609 a composite number?
True
Is 188445251 composite?
True
Is 11860374403 a prime number?
False
Is 1696552543 composite?
True
Is 9333786095 a prime number?
False
Is 820309703 a prime number?
True
Is 799609643 composite?
True
Is 57919829 a prime number?
False
Is 6176753309 prime?
False
Is 6896178599 prime?
True
Is 22268327 composite?
False
Is 4407672083 prime?
True
Is 283941289 composite?
False
Is 352767577 composite?
False
Is 51647567819 a prime number?
True
Is 101037386897 a composite number?
True
Is 9534311957 prime?
True
Is 793485583 a composite number?
True
Is 6351312923 composite?
True
Is 4936949443 composite?
False
Is 39808177181 a prime number?
True
Is 155685600853 prime?
True
Is 777528449 a prime number?
False
Is 25850489593 composite?
False
Is 103711970959 composite?
False
Is 1424727971 a composite number?
False
Is 22961488507 a composite number?
False
Is 268435597481 a prime number?
True
Is 20292011807 a composite number?
False
Is 12908837941 a composite number?
True
Is 7529645797 composite?
True
Is 1783191271 composite?
True
Is 8734281841 prime?
True
Is 27064679879 prime?
True
Is 1730695651 prime?
False
Is 3671723383 prime?
False
Is 9506877046 prime?
False
Is 8306574599 a composite number?
False
Is 2882818493 composite?
True
Is 135542413 prime?
True
Is 12688750937 a prime number?
False
Is 1254779077 a composite number?
False
Is 5355563539 prime?
True
Is 1416464987 composite?
True
Is 1057469797 composite?
False
Is 64245847123 a prime number?
False
Is 5037139853 a composite number?
True
Is 148610531 a prime number?
True
Is 103719396221 composite?
True
Is 3145019209 prime?
True
Is 73441509353 a prime number?
True
Is 9008589479 a composite number?
True
Is 9901102999 composite?
False
Is 33946818989 a prime number?
False
Is 131622107 prime?
False
Is 81842169247 a composite number?
False
Is 66858830989 a prime number?
False
Is 489454067 prime?
True
Is 129064363991 a composite number?
True
Is 1206440003 a composite number?
True
Is 69102413 prime?
False
Is 3112101415 a composite number?
True
Is 676985551 composite?
True
Is 4154180039 a composite number?
False
Is 75481210201 a prime number?
True
Is 168417907831 a composite number?
True
Is 15856208723 a prime number?
True
Is 20586757253 prime?
True
Is 3306888719 a composite number?
True
Is 746673787 a prime number?
True
Is 1187822219 composite?
True
Is 482205743 a prime number?
False
Is 92089393 prime?
False
Is 197057191 a composite number?
False
Is 32965605053 composite?
True
Is 2639725063 composite?
True
Is 877418603 composite?
True
Is 4688454313 a composite number?
False
Is 2494355533 prime?
True
Is 2465930669 prime?
False
Is 13925589169 composite?
False
Is 617115353 a composite number?
True
Is 8280282369 composite?
True
Is 22704417653 composite?
True
Is 1191617279 prime?
False
Is 75731261 a composite number?
False
Is 21685217117 a composite number?
True
Is 7012473862 prime?
False
Is 302497823 composite?
True
Is 101164538879 prime?
True
Is 2435415445 composite?
True
Is 22590649 prime?
False
Is 80521853 prime?
False
Is 1425648563 a composite number?
False
Is 2257454411 composite?
False
Is 160382501423 composite?
True
Is 652035271 a composite number?
True
Is 22075301 prime?
True
Is 28144233989 a prime number?
True
Is 10083918371 a prime number?
True
Is 521316881 a composite number?
True
Is 4998028687 a prime number?
True
Is 637981255 composite?
True
Is 3466360159 a prime number?
True
Is 4999947721 a composite number?
False
Is 237495871 a prime number?
True
Is 282637079 a prime number?
False
Is 6120714251 composite?
True
Is 383305742 a prime number?
False
Is 162905958629 prime?
True
Is 559144709 a prime number?
True
Is 14254977391 prime?
True
Is 24825699949 composite?
True
Is 6901759663 a composite number?
True
Is 1670469677 composite?
False
Is 129749671 a composite number?
True
Is 2018283283 a prime number?
False
Is 42241981 prime?
False
Is 3128042617 a prime number?
False
Is 120408929591 prime?
True
Is 10844998327 prime?
True
Is 772726267 a composite number?
False
Is 8108083 a prime number?
True
Is 273879593441 composite?
True
Is 30005244259 prime?
False
Is 9149101211 prime?
False
Is 13438742269 prime?
False
Is 4131039293 a composite number?
True
Is 1546135271 composite?
False
Is 2212586609 prime?
False
Is 409790873 a composite number?
True
Is 1297267927 prime?
False
Is 328004934463 a composite number?
False
Is 5268311953 prime?
False
Is 5380729369 composite?
False
Is 69935121062 a composite number?
True
Is 3043302013 composite?
False
Is 34381524559 prime?
True
Is 2410137181 a composite number?
False
Is 22848864041 a prime number?
True
Is 37791203 a prime number?
True
Is 43172021 composite?
False
Is 2779671841 composite?
False
Is 52683356039 composite?
False
Is 3454446269 prime?
False
Is 73882147123 composite?
False
Is 100398365 a prime number?
False
Is 1317571439 prime?
True
Is 55982165143 a prime number?
False
Is 3627023251 composite?
False
Is 2700997967 composite?
False
Is 184378063 prime?
True
Is 10660717933 a prime number?
True
Is 7070876117 prime?
False
Is 37083847 a composite number?
True
Is 1498246837 composite?
False
Is 10873854191 a prime number?
True
Is 108347623 a prime number?
False
Is 630673489 composite?
True
Is 2743795967 a composite number?
True
Is 6800184961 composite?
True
Is 605738395 a prime number?
False
Is 7326130793 prime?
True
Is 10250854457 composite?
True
Is 362450273 a prime